+ p = -4*t. What is the tens digit of t?
1
Suppose 4*l + 0*l - 3*j - 139 = 0, -83 = -2*l - 3*j. What is the units digit of l?
7
Suppose 3*u + 44 = 5*u. What is the tens digit of u?
2
Suppose -5*t = -5*k + 55, -k - 2*t = -4*t - 14. Suppose 0*v - 3*v = 4*w - k, -3*w = 3*v - 9. What is the units digit of v?
4
What is the tens digit of ((-78)/12)/(1/(-22))?
4
What is the units digit of (-18)/(-63) - 180/(-7)?
6
Suppose 0 = -h + 4*h. Let z be -3*(2 - (3 + h)). What is the units digit of 1/(5 + -2)*z?
1
Let l = -19 + 3. Let z be ((-55)/(-15))/((-2)/6). Let q = z - l. What is the units digit of q?
5
Let t be (-116)/(-16) - 9/(-12). Let y = 20 - t. What is the tens digit of y?
1
Let y be (-24)/(-10)*(-10)/(-1). Let a = y + -5. What is the tens digit of a?
1
Let o = 202 - 105. Suppose 3*d - 2*w = o, -3*w + 118 = 4*d - 0*d. Suppose -d = -5*s + 14. What is the units digit of s?
9
Let w be (-1)/(-2) + (-410)/4. What is the units digit of (8/(-12))/(4/w)?
7
Let c = -8 + 30. Suppose -5*a = -5*k, -4 + c = 5*a + k. What is the units digit of a?
3
Let h = -18 - -21. Suppose -h*r - 3*y + 132 = -0*y, -3*r - 5*y = -124. What is the tens digit of r?
4
Let k be (1/(-2))/((-3)/30). Suppose 0 = -4*m + 2*z + 2, -3 = -4*m - 3*z - 6. Suppose m - k = -x. What is the units digit of x?
5
Let p be 16/(-10)*(-5 + -5). Suppose 2*g - 10 = -2*m, 3*m = -6*g + 2*g + p. What is the units digit of g?
1
Suppose 2*n - 12 = -2*b, -b + 11 = 4*n - 4. What is the units digit of (0 - (b - 2)) + 21?
0
Let m be -1 - 0 - (-6)/2. Let s(q) be the third derivative of q**4/8 - 5*q**2. What is the units digit of s(m)?
6
Suppose -z + 3*z - 304 = 0. What is the hundreds digit of z?
1
Suppose 12 = 5*a - 8. What is the units digit of a/6 + (-125)/(-15)?
9
What is the units digit of 154/4 - (-3)/6?
9
Let q(d) = 109*d**3 + 3*d**2 + 2*d - 3. What is the tens digit of q(1)?
1
Let a = -2 - -3. Let z = 6 + -2. Let o = z + a. What is the units digit of o?
5
Let r(i) = i**3 + 8*i**2 + 8*i + 7. What is the tens digit of r(-6)?
3
Let m = 37 - 20. What is the tens digit of m?
1
Suppose 18*o = 14*o + 164. What is the units digit of o?
1
Let c = 6 - -43. What is the tens digit of c?
4
Let n(m) = 4*m**2 + 3*m. Let c be n(-4). Suppose -p = -c + 3. Suppose -5*i + q = 2*q - p, -3*q + 21 = i. What is the units digit of i?
9
What is the units digit of (0 - (-4 - -3)) + 38?
9
Let h(o) = 39*o + 34. What is the hundreds digit of h(5)?
2
Let j(c) = -5*c + 7. What is the units digit of j(-3)?
2
Suppose -2*g - 4*q + 8 + 8 = 0, 3*g + 2*q = 12. Let t = 2 + 12. Suppose -c + 0*n - t = 4*n, -c + g*n = -10. What is the units digit of c?
2
Let j be 3/(-6)*-2 + 2. Let w(x) = -2*x**3 + 8*x + 6*x**2 - 2*x**3 + 3*x**j. What is the units digit of w(7)?
7
Let w(i) = -i**2 - 18*i + 13. What is the units digit of w(-8)?
3
Let k = -12 - -23. What is the tens digit of k?
1
Let y be (2 - 3)*(-3 - 2). What is the units digit of 4/(y/4 - 1)?
6
Let c(x) = -3*x - 1. Let h be ((-6)/(-9)*-3)/2. Let y be c(h). Suppose 3*q + d - 22 = 0, -y*d - 36 = 3*q - 7*q. What is the units digit of q?
8
Let y = 83 + 48. What is the tens digit of y?
3
Suppose -3*l + 16 - 105 = -2*w, -5*w + 3*l = -209. Suppose -4*m - 8 = -w. Suppose -3*a - 45 = -m*a. What is the units digit of a?
9
Let d(t) = t**2 - 8*t - 9. Let w be d(9). Let j be (2 + -3)*w/1. Suppose 3*q = -3*a, -5 = -j*q + q. What is the units digit of a?
5
Let z be (36/14)/((-6)/(-28)). What is the tens digit of 0 - (z/(-4) + -12)?
1
Suppose 0 = -4*j + 4*i - 3*i + 7, -4*j - 13 = -5*i. Let v(o) = 12*o + 3. What is the units digit of v(j)?
9
Suppose -2*s + s + 17 = -4*w, -2*w - 16 = -2*s. Let p be (-22)/(-6) + (-1)/w. Suppose f = p - 1. What is the units digit of f?
3
Let q(n) = n**2 + 4*n + 10. What is the units digit of q(-10)?
0
Let k(m) = m**2 - 8. What is the units digit of k(-7)?
1
Suppose -3*t + 22 = i, -3*t - 3*i = -2*t - 10. What is the units digit of t?
7
Suppose 4*p - 4 - 16 = 0. Let f = 22 - 20. Suppose f*x - 5 = -0*o - o, 5*o = -p*x + 15. What is the units digit of x?
2
Let n(p) = 2*p + 17. What is the units digit of n(-7)?
3
Let n = 42 - 11. Suppose -3*j + n - 7 = 0. What is the units digit of j?
8
Let k(g) = 126*g + 3. What is the hundreds digit of k(1)?
1
Let r(y) be the third derivative of -y**7/5040 + 13*y**6/720 - y**5/60 - y**2. Let b(f) be the third derivative of r(f). What is the units digit of b(11)?
2
Suppose 0 = -o + 4, 5*s - 8*s - 2 = -2*o. What is the units digit of s?
2
Let f(r) = -r**2 - 12*r - 7. What is the tens digit of f(-8)?
2
Suppose 2*r = 5*k - 33, -3*k - 3*r + 23 = -5*r. Suppose -2*a = k*j - 40, 5*j - 10 = 4*a - 0*a. Let y = j - 5. What is the units digit of y?
1
Let t = -12 + 26. Suppose -t = -b + 17. What is the units digit of b?
1
Suppose -3*i = 2*h - i - 4, -i + 11 = 4*h. What is the units digit of h?
3
Let m(y) = y**2 + y - 12. Let u be m(0). Let g = u - -22. Suppose -t + g = -0*t. What is the tens digit of t?
1
Let d(i) be the third derivative of i**6/120 + i**5/10 - 5*i**4/12 - 3*i**3/2 - 2*i**2. Let l be d(-7). What is the units digit of (2/3)/(2/l)?
4
Suppose -5*j + 268 - 13 = 0. What is the tens digit of j?
5
Suppose 2*l + 3*d = 3 + 4, -3*d = 4*l - 11. What is the units digit of l?
2
Let j(p) = 10*p - 6*p + 9*p - 2 + 1. Let z be j(5). Suppose 4*y - z = 4*q, -q + 3*q = 5*y - 86. What is the units digit of y?
8
Let d = 0 - -6. Let a = 7 + -10. Let z = a + d. What is the units digit of z?
3
Suppose -m - m + 4 = 0. Suppose -m*j - 4*p + 32 = 0, -j - 4*p = -p - 21. What is the units digit of j?
6
Let r(b) = b**3 + 3*b**2 - 2*b + 3. Let x be r(-4). What is the tens digit of (-54)/x*(-15)/(-6)?
2
Suppose 5*w = -3*y - 16, -4 + 0 = 2*w. Let m(k) = -4*k**3 - k**2 - 2. What is the units digit of m(y)?
6
Let n(h) = h**3 + 4*h**2 + h. Let c(s) = -s**3 + 4*s**2 - s - 3. Let b be c(3). Suppose 0*i + 9 = -b*i. What is the units digit of n(i)?
6
Let j = -7 + 9. Suppose j*o + 3*o = 45. What is the units digit of o?
9
Suppose j + 48 = 2*j. What is the units digit of j?
8
Suppose s - 30 - 23 = 0. What is the tens digit of s?
5
What is the tens digit of (-114)/5*70/(-28)?
5
Let b(k) = -k**2 + 13*k - 28. What is the tens digit of b(8)?
1
Let n(s) = 0*s - 4*s**2 - 2 - 2*s + s**2 - 2*s**3. What is the units digit of n(-2)?
6
Let y = -67 + 99. What is the units digit of y?
2
Suppose r + 21 = -c - 0*c, 4*r - 48 = 2*c. Let u = c - -47. What is the units digit of u?
5
Suppose -2*p - 2*b - 97 = -7*p, -5*b + 41 = p. Let i = -2 + p. What is the tens digit of i?
1
Let g(f) = -7*f - 3. Let z(y) = 8*y + 2. Let m(i) = -3*g(i) - 4*z(i). What is the units digit of m(-2)?
3
Let x(y) = -4*y**3 + 1. Let j be ((-2)/(-6))/((-2)/(-30)). Suppose -5 = j*u - 0*u. What is the units digit of x(u)?
5
Suppose 5*y - z - 860 = 0, -5*y + 679 = -y + z. What is the hundreds digit of y?
1
Let v(p) = -p**2 - 7*p. Let q be v(-4). Suppose s - 4 = q. What is the units digit of s?
6
What is the hundreds digit of (-21)/(-3)*(-11 + 47)?
2
Let g = 129 - 12. What is the units digit of g?
7
Let o(c) = -9*c**2 - 2*c - 1. Let p be o(-1). Let m = -5 - p. Suppose -2*i + m = 1. What is the units digit of i?
1
Suppose 0*g + 5*g - 40 = 0. Suppose -f - 5 = -n, -f - g = -n - n. Suppose 6 = n*c, 0*x + 4*x = 2*c + 4. What is the units digit of x?
2
Let w(a) = 4*a**2. What is the units digit of w(1)?
4
Let k(q) = 2*q + 1. Let d be k(5). Suppose 3*o - d = 13. What is the units digit of o?
8
Let t be -4 - 3/(-3) - 1. Let z be (-924)/9 - t/6. What is the units digit of ((-2)/(-3))/((-4)/z)?
7
Let w = -3 + 8. Suppose 5*g = w*d - 10, 0 = 5*d - 4*g - 0 - 9. What is the units digit of d?
1
What is the tens digit of (3/2)/((-6)/(-148))?
3
Suppose 5*g = -3*u + 2*g + 24, 5*g = 3*u + 8. Suppose -3*n - 17 = -4*c + 53, 0 = n - u*c + 10. What is the units digit of (-48)/n - (-3)/(-5)?
1
Let x be 1 + 0 - 66*1. What is the units digit of (-16)/56 - x/7?
9
Suppose -2*n = 2*n - 12. Suppose 91 - 25 = n*r. Suppose -5 = g, 2*g + r = 2*b - 2*g. What is the units digit of b?
1
What is the tens digit of (8 + -4 + -5)*82/(-2)?
4
What is the units digit of 1539/9*2*1/6?
7
Let a(b) = -6*b - 9. Let z(k) = k + 1. Let g(u) = 3*a(u) + 15*z(u). What is the tens digit of g(-8)?
1
Suppose 3*k = -2*k + 15. Let p be (-1 + k - 0)/(-1). Let b(i) = -5*i - 1. What is the units 